se 8?
-5
1 (base 4) to base 14
1
-41 (base 11) to base 9
-50
Convert -6 (base 8) to base 11.
-6
What is 1 (base 4) in base 14?
1
Convert 3 (base 5) to base 12.
3
What is 1 (base 12) in base 15?
1
7 (base 16) to base 10
7
-5 (base 11) to base 2
-101
What is -310 (base 7) in base 11?
-130
Convert -8 (base 9) to base 16.
-8
3 (base 4) to base 5
3
Convert -19b (base 13) to base 5.
-2142
Convert 33 (base 11) to base 13.
2a
What is 37 (base 11) in base 10?
40
What is -7 (base 13) in base 3?
-21
-1 (base 15) to base 16
-1
What is -10 (base 3) in base 12?
-3
What is 101 (base 3) in base 9?
11
Convert -3 (base 14) to base 2.
-11
-24 (base 9) to base 2
-10110
What is -6 (base 15) in base 16?
-6
What is -111 (base 2) in base 15?
-7
-10 (base 6) to base 8
-6
Convert -a (base 13) to base 7.
-13
What is -12 (base 13) in base 15?
-10
-15 (base 10) to base 11
-14
-31 (base 7) to base 16
-16
What is -158 (base 13) in base 8?
-362
16 (base 10) to base 14
12
What is 322 (base 7) in base 3?
20001
Convert -20 (base 3) to base 12.
-6
3 (base 9) to base 3
10
0 (base 8) to base 6
0
2 (base 9) to base 2
10
What is -1 (base 10) in base 5?
-1
What is -d7 (base 14) in base 2?
-10111101
What is 144 (base 5) in base 10?
49
Convert -11000 (base 3) to base 8.
-154
Convert -42 (base 15) to base 4.
-332
Convert 4 (base 15) to base 12.
4
Convert -3 (base 13) to base 10.
-3
Convert -11 (base 2) to base 3.
-10
What is 0 (base 8) in base 15?
0
What is -6 (base 14) in base 2?
-110
What is 1010 (base 2) in base 11?
a
What is -265 (base 9) in base 4?
-3131
What is -1 (base 4) in base 15?
-1
What is -45 (base 13) in base 2?
-111001
0 (base 12) to base 2
0
-42 (base 11) to base 5
-141
0 (base 16) to base 9
0
Convert 1 (base 3) to base 4.
1
-6 (base 15) to base 13
-6
-1 (base 4) to base 12
-1
1211 (base 3) to base 10
49
Convert 14 (base 12) to base 10.
16
Convert 232 (base 10) to base 16.
e8
-2 (base 16) to base 3
-2
What is -134 (base 5) in base 16?
-2c
Convert -22 (base 3) to base 4.
-20
184 (base 9) to base 10
157
-3 (base 12) to base 16
-3
What is -2 (base 10) in base 7?
-2
-12 (base 6) to base 2
-1000
What is 5 (base 12) in base 6?
5
10 (base 15) to base 5
30
What is 5a (base 13) in base 6?
203
72 (base 8) to base 16
3a
Convert -38 (base 9) to base 5.
-120
What is -2 (base 11) in base 9?
-2
Convert 23 (base 8) to base 10.
19
Convert 0 (base 7) to base 3.
0
Convert -1 (base 6) to base 15.
-1
-1 (base 15) to base 2
-1
What is 5 (base 16) in base 4?
11
What is 4 (base 16) in base 5?
4
Convert 1b (base 15) to base 10.
26
Convert -103 (base 4) to base 7.
-25
-10011 (base 2) to base 4
-103
-61 (base 8) to base 16
-31
What is 111 (base 2) in base 14?
7
Convert -9 (base 14) to base 6.
-13
What is -10 (base 6) in base 16?
-6
0 (base 16) to base 12
0
Convert 1 (base 14) to base 13.
1
Convert 112 (base 6) to base 3.
1122
What is 8d (base 14) in base 11?
104
What is -6 (base 13) in base 10?
-6
Convert a (base 12) to base 3.
101
What is 16 (base 7) in base 5?
23
-33 (base 4) to base 14
-11
What is 0 (base 3) in base 13?
0
0 (base 15) to base 12
0
-88 (base 13) to base 6
-304
Convert 1 (base 4) to base 13.
1
What is -4 (base 16) in base 13?
-4
Convert -e (base 16) to base 12.
-12
What is -368 (base 9) in base 16?
-131
What is -220 (base 8) in base 12?
-100
Convert -1 (base 4) to base 16.
-1
What is -1 (base 13) in base 2?
-1
What is -8 (base 11) in base 6?
-12
-22 (base 15) to base 6
-52
-1 (base 7) to base 9
-1
Convert c (base 14) to base 15.
c
Convert 6 (base 11) to base 13.
6
-111 (base 3) to base 14
-d
What is 4 (base 15) in base 11?
4
Convert 84 (base 10) to base 14.
60
48 (base 12) to base 6
132
What is 46 (base 7) in base 10?
34
What is 430 (base 5) in base 8?
163
Convert 2 (base 16) to base 9.
2
5 (base 12) to base 10
5
What is 0 (base 2) in base 7?
0
Convert 24 (base 7) to base 6.
30
-a7 (base 11) to base 6
-313
What is -3 (base 10) in base 2?
-11
What is 120 (base 10) in base 9?
143
44 (base 6) to base 2
11100
Convert -21 (base 3) to base 6.
-11
Convert 1322 (base 5) to base 7.
422
What is 10 (base 8) in base 7?
11
-a (base 11) to base 12
-a
-3 (base 9) to base 6
-3
Convert 7 (base 10) to base 5.
12
What is 1 (base 10) in base 15?
1
Convert -1000 (base 2) to base 12.
-8
What is 122 (base 10) in base 11?
101
What is 8 (base 11) in base 12?
8
Convert 111 (base 2) to base 8.
7
Convert -201 (base 3) to base 16.
-13
-2 (base 5) to base 10
-2
What is 23 (base 13) in base 12?
25
3 (base 10) to base 13
3
What is -15 (base 6) in base 10?
-11
What is -2 (base 14) in base 4?
-2
110 (base 4) to base 2
10100
What is -8 (base 14) in base 2?
-1000
Convert -1c (base 15) to base 6.
-43
-5 (base 7) to base 12
-5
What is -2 (base 9) in base 7?
-2
Convert -4 (base 16) to base 8.
-4
-38 (base 9) to base 14
-27
-24 (base 11) to base 10
-26
3 (base 6) to base 8
3
Convert -1 (base 7) to base 11.
-1
What is 20 (base 9) in base 6?
30
Convert -101 (base 3) to base 2.
-1010
88 (base 9) to base 2
1010000
-17 (base 8) to base 6
-23
Convert -1111 (base 2) to base 12.
-13
Convert -7 (base 16) to base 13.
-7
What is 16 (base 11) in base 6?
25
What is -b (base 13) in base 2?
-1011
What is -14 (base 8) in base 9?
-13
Convert -2 (base 11) to base 13.
-2
What is ba (base 14) in base 16?
a4
-54 (base 9) to base 2
-110001
Convert -4 (base 5) to base 9.
-4
-5 (base 10) to base 13
-5
Convert 102 (base 3) to base 4.
23
249 (base 12) to base 5
2340
What is 2 (base 14) in base 16?
2
What is -1 (base 5) in base 16?
-1
Convert 10 (base 5) to base 7.
5
What is -4 (base 8) in base 13?
-4
-2 (base 8) to base 9
-2
a2 (base 15) to base 3
12122
302 (base 5) to base 11
70
What is -10 (base 4) in base 9?
-4
Convert -4 (base 10) to base 4.
-10
Convert -146 (base 7) to base 2.
-1010011
What is 101 (base 2) in base 15?
5
-10 (base 16) to base 15
-11
What is 7 (base 14) in base 5?
12
Convert 9 (base 12) to base 11.
9
11 (base 2) to base 16
3
-312 (base 5) to base 15
-57
What is -60 (base 7) in base 4?
-222
Convert 18 (base 10) to base 5.
33
-2 (base 13) to base 9
-2
Convert 16 (base 15) to base 7.
30
Convert -1 (base 9) to base 10.
-1
What is 24 (base 5) in base 4?
32
What is -272 (base 11) in base 10?
-321
Convert 22 (base 4) to base 3.
101
-19 (base 14) to base 7
-32
76 (base 9) to base 2
1000101
Convert -32 (base 5) to base 12.
-15
Convert -4 (base 11) to base 2.
-100
What is 16 (base 12) in base 8?
22
6 (base 11) to base 14
6
-63 (base 11) to base 15
-49
Convert -3c (base 14) to base 16.
-36
Convert 214 (base 11) to base 13.
16a
What is -1 (base 10) in base 2?
-1
What is 7 (base 12) in base 13?
7
0 (base 11) to base 16
0
103 (base 6) to base 4
213
What is -2 (base 4) in base 13?
-2
1 (base 11) to base 4
1
Convert -3 (base 4) to base 6.
-3
6 (base 16) to base 13
6
Convert 3 (base 8) to base 4.
3
What is -13 (base 16) in base 3?
-201
What is -4 (base 14) in base 3?
-11
Convert 2 (base 15) to base 11.
2
Convert 103 (base 5) to base 9.
31
Convert 1 (base 10) to base 13.
1
Convert 0 (base 15) to base 3.
0
-57 (base 15) to base 10
-82
Convert 220 (base 3) to base 12.
20
-b (base 16) to base 9
-12
What is 213 (base 4) in base 6?
103
What is -2 (base 9) in base 3?
-2
What is -46 (base 10) in base 9?
-51
1010 (base 2) to base 16
a
Convert 4 (base 8) to base 12.
4
Convert -21 (base 11) to base 12.
-1b
5 (base 14) to base 7
5
32 (base 15) to base 12
3b
1 (base 14) to base 8
1
-20 (base 16) to base 2
-100000
335 (base 8) to base 10
221
100 (base 8) to base 9
71
-20 (base 7) to base 6
-22
Convert -4 (base 13) to base 15.
-4
What is -1 (base 8) in base 15?
-1
72 (base 13) to base 11
85
Convert 2 (base 12) to base 14.
2
What is 121 (base 3) in base 7?
22
Convert 340 (base 5) to base 2.
1011111
-7 (base 13) to base 15
-7
Convert -4 (base 11) to base 3.
-11
What is 9 (base 11) in base 6?
13
Convert -24 (base 13) to base 8.
-36
-3 (base 9) to base 8
-3
-287 (base 11) to base 12
-241
What is 1 (base 2) in base 9?
1
What is 20 (base 8) in base 13?
13
What is 7 (base 9) in base 11?
7
28 (base 10) to base 2
11100
What is -22 (base 14) in base 7?
-42
What is -103 (base 8) in base 14?
-4b
Convert 1111110 (base 2) to base 3.
11200
What is 337 (base 8) in base 13?
142
What is 41 (base 9) in base 7?
52
-13 (base 15) to base 4
-102
What is -4 (base 13) in base 